i + 24995. What is the tens digit of v(0)?
9
What is the tens digit of ((-52)/(-10) - 6)/(9 + 778023/(-86445))?
4
What is the thousands digit of (-14933)/(((-1)/(-8))/(((-270)/(-80))/(-27)))?
4
Let w = 14602 + 36. What is the units digit of w?
8
Let n(o) = 2*o**2 - 4*o - 8. Let i be n(3). What is the hundreds digit of 8 - (4183 - i)/(-5)?
8
Let j(f) = 508*f**2 - 205*f + 13. What is the thousands digit of j(-7)?
6
Let g be (148/(-8))/((-2)/72). Suppose 4*r + 5*f = 2*r + g, 2*f + 4 = 0. What is the tens digit of r?
3
Let j = -31 + 42. Let g(v) = -v + j + v - v. What is the units digit of g(10)?
1
Let y(n) = 19*n**2 - 91*n - 946. What is the tens digit of y(-60)?
1
Let k be (2/7*-7)/(2/(-1048)). What is the units digit of (-1)/(-4) - k/(-32)?
3
Let m(y) = -518*y + 268. What is the tens digit of m(-7)?
9
Let d(z) = 2*z**2 - z - 5 + 35 + 0*z**2. Let y be d(0). Let c = 123 - y. What is the units digit of c?
3
Let l(s) = 16*s**2 - 1604*s - 389. What is the hundreds digit of l(112)?
6
Suppose -19763 = -26*b + 1297. What is the tens digit of b?
1
Let q(a) = -100*a - 70. Suppose 2*x - 3*h = -28, 3*x - 2*h + 32 = -5. What is the units digit of q(x)?
0
Suppose -1049*f + 34023 = -1038*f. What is the hundreds digit of f?
0
Suppose 4*o + 70*k = 71*k + 170315, -2*o + 85141 = 5*k. What is the hundreds digit of o?
5
Suppose g - 2*i - 3775 = -5*i, 5*g = -4*i + 18853. What is the units digit of g?
9
Let v = -58 + 97. Let c = v + -47. What is the units digit of ((-4)/c)/(-1 - (-129)/128)?
4
Suppose -2*q = 5*i - 278969, 4*i + 628*q - 223199 = 623*q. What is the units digit of i?
1
Suppose d = 6*d + 5. Let b be 30/(-12)*d*2. Suppose h = -b*h + 258. What is the tens digit of h?
4
Let w(x) = -10*x + 18. Let l be w(0). Suppose -5430 = -l*g + 7710. What is the units digit of g?
0
What is the units digit of -21 + 13526 - (0 - -3)?
2
Let c(v) = -4*v**3 + 5*v**2 + 6*v - 21. Let x be c(5). Let l = x + -45. Let k = -276 - l. What is the hundreds digit of k?
1
Let t(j) = -112*j**2 + 30*j. Let c be t(-6). What is the units digit of c/(4 + -13) - 0?
8
Let i = 14 + -216. Let y = -28 - i. What is the hundreds digit of y?
1
Suppose 360 - 105 = 3*u. Suppose -1419 = -3*z + 5*s + u, -z + 508 = -5*s. What is the tens digit of z?
9
Let k(w) = -w**2 + 4*w + 24. Let j(l) = -l**2 + 3*l + 22. Let h(m) = 3*j(m) - 4*k(m). What is the hundreds digit of h(35)?
9
Let s(w) = w**3 + 29*w**2 - 29*w - 24. Let f be s(-27). Let o = f - 1204. What is the hundreds digit of o?
0
Let c(x) = 40 - 43 + 83*x - 163 + 56. What is the hundreds digit of c(8)?
5
Let y(l) = 539*l**2 + 92*l + 9. What is the thousands digit of y(4)?
9
Suppose 5*f = -2*s + 837, -3*s - 2*f + 1261 = -0*s. Suppose -r + s - 152 = 0. What is the units digit of r?
9
Suppose 75 = 4*l - t - 24, 81 = 4*l + 5*t. What is the tens digit of 2460/l + 6/4 - 2?
0
Let c = -6195 + 9115. What is the units digit of c?
0
Let w = 39668 - 20599. What is the tens digit of w?
6
Let b be (-1)/2 - (-6372)/72. Suppose 0 = -2*r + 5*p + 78, 0 = -5*r - 4*p + 140 + b. What is the units digit of r?
4
Suppose -3*q + 25 = 4*f, 0*f - q = 4*f - 19. Suppose -4*u + 2*o = -1114, 2*u + f*o = -2*u + 1084. What is the tens digit of u?
7
Let h(a) = -a**3 - 6*a**2 + 7*a + 3. Let j be h(-7). Suppose -4*l + 0*i = -i + 8, -6 = -2*l + j*i. What is the tens digit of 2/(-4)*15*32/l?
8
Let t = 228 - 226. Suppose -3*h = -2*m - 126, 0 = t*h + h - m - 123. What is the units digit of h?
0
What is the units digit of ((-39900)/42)/(10/(-390))?
0
Suppose 2398*y - 2335*y = 2810934. What is the ten thousands digit of y?
4
Let n(y) = -4*y**2 - 2*y + 6. Let p be n(-3). Let l(i) = -i**3 - 23*i**2 + 21*i - 42. Let z be l(p). Let b = 240 - z. What is the tens digit of b?
1
Let h = 79 + -8. Let u = 71 - h. Let g = u - -122. What is the hundreds digit of g?
1
Let f be 50/(-15) + 3 + 5/(-3). Let h(o) = -633*o + 5. What is the hundreds digit of h(f)?
2
Suppose -2*r = -0*r - 5*l - 26, -14 = -r + 2*l. Let q be (-17 + r)/(18/17 - 1). Let y(k) = -k**3 + 16*k**2 + 21*k + 20. What is the units digit of y(q)?
8
Let w(p) = 529*p - 27. Let l(x) = 352*x - 18. Let b(g) = -8*l(g) + 5*w(g). What is the hundreds digit of b(-1)?
1
Suppose 4801921 + 265101 = 79*s + 114*s. What is the tens digit of s?
5
Let j = 133 - 124. Suppose -j*u + 504 = -7*u. What is the units digit of u?
2
What is the tens digit of ((-1)/(1/4787))/(1154/(-2308))?
7
What is the tens digit of 246/(((-27)/(-60))/(51/85))?
2
Suppose -15*d - 88 = -26*d. Suppose -y - 1362 = -5*l, 7*l - d*l - 2*y + 279 = 0. What is the hundreds digit of l?
2
Let v = 8 - 10. What is the tens digit of 111/((-1 - -5) + -5 - v)?
1
Suppose 6*k + 2*d = 4*k - 6, -15 = 3*d. Suppose 4*i + 0*i + 1466 = k*y, 0 = -y + 3*i + 733. What is the tens digit of y?
3
Let z = 49 - 51. Let y be (z + (-9)/3)*-1. Suppose 0 = -y*t + 8*t - 18. What is the units digit of t?
6
Let a be ((-24)/(-30))/((-6)/15). Let s be 2/(-12)*a + (-11851)/21. Let d = -392 - s. What is the tens digit of d?
7
Let a(o) = 2*o + 1. Let r be a(2). Suppose -5*i = -3*f - 2527, -r*i + 2783 - 249 = 4*f. What is the hundreds digit of i?
5
Suppose n - 4 = -1. Suppose -x = -2*q + 2920, n*x - 7*x = -8. What is the tens digit of q?
6
Let b be 10/(-105) + 745/105. Suppose -2165 = -b*j + 1706. What is the hundreds digit of j?
5
Suppose 0*y = -2*y + 30. Let r = y + 45. Let g = 160 - r. What is the hundreds digit of g?
1
Let q be ((-124)/(-1))/((-1)/(-2)). Suppose 2*r + 8*v - 8 = 11*v, 3*r + 2*v - 12 = 0. Suppose -q = -2*w + m, 3*w + 114 = r*w - 3*m. What is the tens digit of w?
2
Suppose -143*m + 435230 = -86283 - 3011. What is the tens digit of m?
6
Let s(b) = 2*b**3 - 7*b**2 + 2*b + 4. Let x = 78 - 74. Let f be s(x). Suppose -71 = -q + f. What is the tens digit of q?
9
Let g(r) = 3544*r + 13. Let u be g(-1). Let z = -2195 - u. What is the tens digit of z?
3
Let h(b) = -3*b + 14. Let m be h(4). Suppose -3*o = -o + m*k + 58, -o - 2*k - 28 = 0. What is the units digit of (4 + 144/o)/(4/(-30))?
6
Let r(v) = -74*v + 44. Let b be ((-30)/4)/(-3)*(-18)/9. What is the units digit of r(b)?
4
Suppose -3*v + 2*a + 1134 = 0, 0 = -2*v + 4*a - 0*a + 756. Suppose 612 - v = 2*t. What is the tens digit of t?
1
Let h = 24 + -2674. Let r = h - -4016. What is the thousands digit of r?
1
What is the tens digit of (-1 + -5)/(27/(-36)*(-4)/(-7757))?
1
Suppose 7*u + 5*g + 1626 = 3*u, 3*u + 1219 = -4*g. Let y = 1780 - 2067. Let f = y - u. What is the hundreds digit of f?
1
Let o be 2*30/(-4)*-1. Suppose 20*d - o*d = 10. Suppose 120 = 5*p - 5*a, -3*a + 45 = d*p - 13. What is the tens digit of p?
2
Let w = -15 + 19. Suppose 2 = w*l + 6. What is the units digit of ((-29)/(-3) + l)*3?
6
Let k(p) = -14288*p + 9411. What is the units digit of k(-4)?
3
Let g = -8 - -12. Let r be ((-671 - 5)/(-4))/((-25)/(-125)). Suppose g*f + r = 5*y - 0*f, -4*f = 4*y - 640. What is the tens digit of y?
6
Suppose -2*p - 13 = -5*n + 6, -3 = -3*p - 3*n. Let c be p/(3 + -1)*(-4 + -27). Suppose -c*l + 52 = -27*l. What is the units digit of l?
3
Let v = -452 + 299. Suppose -214 = -h - 0*h. Let d = v + h. What is the units digit of d?
1
Suppose 0*c + 3*c - 13215 = -5*b, -4*b + 10550 = -2*c. Suppose b = 6*g - 2568. What is the tens digit of g?
6
Suppose 16*v = 12481 + 12111. What is the thousands digit of v?
1
What is the thousands digit of 2*(3/(-2) - -1) + 3477?
3
Let b = -147 + -39. Suppose 4*w + 4*z + 344 = 0, 0 = 2*w - 0*z - 4*z + 184. Let i = w - b. What is the units digit of i?
8
Let b = 579 + -228. Suppose 352*t - 85 = b*t. What is the units digit of t?
5
What is the ten thousands digit of 31107604/2233 - 2/(-14)?
1
Let w be (2822/(-415))/((-149)/(-150) - 1). Suppose 116*m = 110*m + w. What is the hundreds digit of m?
1
Let j = -6726 - -11873. What is the thousands digit of j?
5
Suppose 0 = 4*s - 151 + 139. Suppose 5*i = s*a - a + 3720, -4*a = 0. What is the hundreds digit of i?
7
Suppose -c + m = -19, -2*m = c - 82 + 63. Let w be (-417)/(-9) - 2/(-3). Let f = w - c. What is the units digit of f?
8
Let w be 2/(-5) - 224/(-35). Suppose 0 = -w*x + 5789 - 977. What is the units digit of x?
2
Let o be (5/(30/(-44)))/(8/(-252)). Let z = 61 + -215. Let x = o + z. What is the tens digit of x?
7
Suppose 4*f + 4*w = 48, 11 + 37 = 5*f + w. Suppose 0 = -f*l + 1251 + 1989. What is 